- 589 = -1. Calculate the remainder when 96 is divided by p.
12
Suppose 10*z - 1298 - 542 = -450. What is the remainder when z is divided by 12?
7
Let i = -192 + 138. Let c = i - -88. Calculate the remainder when 135 is divided by c.
33
Suppose 14*f = 751 + 159. What is the remainder when 829 is divided by f?
49
Let b be 2*-2*(-2)/(-8) + -29. Let v = -38 - b. What is the remainder when 13 is divided by (v - (-5 - -2))*14/(-10)?
6
Let o = -2480 + 2634. Let z = 6 - 3. Suppose 5*k - 56 = -w, k + 0*k = -z*w + o. Calculate the remainder when w is divided by 9.
6
Suppose 2540 = -9*y + 29*y. Suppose -28*n + 30*n - y = 3*b, 4*n - 4*b = 248. Calculate the remainder when 171 is divided by n.
53
Suppose -11*v - 2065 = 5*v - 3793. Calculate the remainder when v is divided by 33.
9
Calculate the remainder when ((-8153)/93)/((-2)/6) is divided by 20.
3
Let z be ((-14)/(-4) - 3)*(9 + 77). Suppose -5754 = -z*t - 1626. What is the remainder when t is divided by 25?
21
Let p = 138 - 138. Suppose -8 = z - 2*b, -5*z + p*b = 3*b - 25. What is the remainder when 63 is divided by 16 + 1 - (z - 1)?
15
Let k = 90 - 64. Calculate the remainder when 46 - (24/(-36))/(2/9) is divided by k.
23
Let c(h) be the third derivative of -17*h**4/8 + 5*h**3/3 + 24*h**2. What is the remainder when c(-13) is divided by 45?
43
Let u = -3129 - -3141. What is the remainder when 158 is divided by u?
2
Suppose -y + 15*u - 18*u + 102 = 0, -106 = -y - 5*u. What is the remainder when 3260 is divided by y?
92
Suppose 0 = -53*g + 42*g + 7117. Calculate the remainder when g is divided by 59.
57
Let u(l) = l**3 + 36*l**2 - 41*l - 67. Calculate the remainder when 319 is divided by u(-37).
76
What is the remainder when (-2290)/(-30) - 16/(-6) is divided by 75?
4
Let p = 29332 + -17926. What is the remainder when p is divided by 124?
122
Suppose 2*l + 4*l - 18 = 0. Suppose -3*g + 199 = p, 418 = 2*p + g + g. Suppose -167 - p = -l*f. What is the remainder when f is divided by 26?
23
Suppose -1651 = 77*q + 582. Suppose -3*z + 2*z + 31 = 0. Let b = q + z. What is the remainder when b is divided by 1?
0
Suppose 5*h = -2*g - 522, -15 = -3*h - 27. Let n = 586 + g. What is the remainder when n is divided by 16?
15
Let i = 240 - -103. What is the remainder when 730 is divided by i?
44
Suppose 0 = 5*j - 11 + 1. Suppose 0*h - 4*w = 5*h - 485, -4*h + 394 = j*w. What is the remainder when h is divided by 13?
10
Calculate the remainder when 186 is divided by (104/20)/(9*12/270).
4
Suppose 0 = 4*g + s - 29 - 63, 0 = 4*g - 5*s - 92. Let d be ((-120)/75)/(3/(-1140)). Let k = d - 596. Calculate the remainder when g is divided by k.
11
Let u be (-420)/(-56)*4/6. Suppose 11*s - 426 = u*s. Calculate the remainder when 920 is divided by s.
68
Suppose -1112 = -2*q + 13*l - 15*l, -5*l = 4*q - 2220. Calculate the remainder when q is divided by 539.
21
Suppose -29*m = -69 + 11. Calculate the remainder when 33 is divided by (m + (-2)/(-5))/(4/10).
3
Let f(u) = -2357*u + 4925. What is the remainder when 31858 is divided by f(2)?
208
Let v(g) = -134*g - 3698. Calculate the remainder when 281 is divided by v(-28).
11
Let p(j) = -4*j**2 - 182*j + 4. What is the remainder when p(-45) is divided by 28?
10
Suppose 0 = 5*f - 30, -48 = -58*s + 55*s + 2*f. Let t(b) = 21*b - 8. What is the remainder when t(4) is divided by s?
16
Let g(v) = v**3 + v - 2. Let l be g(3). Suppose -813 = 25*h - l*h. Suppose 4*d - 4*k - h = d, 6 = 3*k. Calculate the remainder when d is divided by 16.
13
Suppose 10608 = 1342*u - 1318*u. Calculate the remainder when u is divided by 215.
12
Let j be (-6)/(-3) + 12*77/28. Suppose 2*n = -y + 19, 5*y - j = -2*n + 4. Let m(t) = -19*t - 1. What is the remainder when m(-1) is divided by n?
4
Let b(h) = 2*h**3 + 1. Let a(l) = l**3. Let p(u) = 3*a(u) - 2*b(u). Let k be p(-2). What is the remainder when (-288)/40*(1 - k) is divided by 13?
10
Let k(t) = 239*t - 4040. Calculate the remainder when 33 is divided by k(17).
10
Let h = -746 - -356. Let n = 422 + h. Calculate the remainder when n is divided by 12.
8
Let b(j) = -3*j**2 - 39*j - 22. Let p(c) be the third derivative of -c**6/3 - c**5/60 - c**4/24 - 3*c**2. What is the remainder when p(-1) is divided by b(-12)?
12
Suppose -10*i = -14*i - 2*n + 8844, -2*i = 3*n - 4414. What is the remainder when i is divided by 8?
5
Let s = 8840 + -7759. Calculate the remainder when s is divided by 7.
3
Suppose -5 + 277 = 34*b. Calculate the remainder when 697 is divided by b.
1
Let t = 114 - 106. Let x(o) = 3*o**2 - 23*o - 6. Let k be x(t). What is the remainder when k + 7/(-3) - (-309)/9 is divided by 22?
12
Suppose -p + 5*k + 3 = 0, -8 = -3*p + 2*k + 1. Calculate the remainder when -2 + (7 - (-6 + p)) is divided by 6.
2
What is the remainder when 371 is divided by -6 + (-72)/(-8) - (-1 + -11)?
11
Suppose -5*m - 96181 = 3*m - 96277. Let i = -275 + 399. Let k = -54 + i. Calculate the remainder when k is divided by m.
10
Let b = -554 - -546. Let a = 205 + b. Calculate the remainder when a is divided by 68.
61
Suppose 0 = 4*j + 5*p - 250, -4*j + 5*p = j - 335. Let i = 97 + -73. Calculate the remainder when j is divided by i.
17
Let o = 1683 - 1494. What is the remainder when 1320 is divided by o?
186
Let u be 8 - (8/(8/9) - 5). Suppose -4 = v, u*a + v + 76 - 248 = 0. Calculate the remainder when a is divided by 3.
2
Suppose -3*m = -0*m, 0 = -3*j + 3*m + 897. What is the remainder when j is divided by 65?
39
Suppose 88485*a - 88520*a = -9625. Let k(w) = -w**3 + w**2 - 2*w + 4. What is the remainder when a is divided by k(-3)?
45
Suppose -5*g = -226 + 86. Let t be 15/(-4 - 52/(-12)). Suppose 0 = -t*o + 43*o + 166. Calculate the remainder when o is divided by g.
27
Suppose 29*r - 84*r + 880 = 0. Calculate the remainder when 229 is divided by ((-462)/(-12))/(8/r).
75
Suppose 0 = 4*z - 4*x + 472, 4*x - 5*x = -2. Let i = -64 - z. Let d = 41 - 32. What is the remainder when i is divided by d?
7
What is the remainder when (4 + -1)/(15 + (471510/6287)/(-5)) is divided by 24?
23
What is the remainder when (-4 + 5 - 66/8)/(172/(-22704)) is divided by 161?
152
Let m be (-9)/(-2)*4/(-3). Let t(s) = -74*s - 1. Let x be t(m). What is the remainder when x/9 + (-6)/27 is divided by 13?
10
Let g(h) = -h**3 + 18*h**2 - 60*h + 497. What is the remainder when 83 is divided by g(16)?
34
Let w = -2040 - -3401. Calculate the remainder when w is divided by 44.
41
Calculate the remainder when (-1)/(-4) - 420/448*-852 is divided by 117.
97
Let x = -284 + 292. Suppose -6*f - x*f + 3206 = 0. What is the remainder when f is divided by 29?
26
Suppose 49*j = 9*j - 17*j + 68172. Calculate the remainder when j is divided by 109.
106
Suppose f - 57 = 21. Suppose -4*n - 493 + 2105 = 0. Let c = n + -393. Calculate the remainder when f is divided by c.
8
Let a = -81 - -141. Suppose -5*j + 19 = -4*l + a, -3 = -j. Calculate the remainder when 1*(53/(-4))/((-21)/84) is divided by l.
11
Let k = 59 - -14. What is the remainder when k is divided by (-100)/(-160)*24 + (3 - -8)?
21
Suppose -3*y + a = 81, -3*y - 4*a = -7*a + 87. What is the remainder when 217 is divided by (-524)/y + 0 - (-82)/(-533)?
17
Suppose -13*f = -579 - 175. Suppose 0*v - 200 = -5*v + 5*j, 2*j + 156 = 4*v. Calculate the remainder when f is divided by v.
20
Suppose -6*v = -8 - 118. Let n = 33 - v. Let i = 921 + -882. Calculate the remainder when i is divided by n.
3
Calculate the remainder when (910/(-5))/(-7 - (-2430)/350) is divided by 64.
49
Let q = 87 - 85. Let k(w) = 17*w**2 + 7*w - 18. Calculate the remainder when 123 is divided by k(q).
59
Suppose -5*z + 3*z - 3*v = -43, 0 = 3*z - 4*v - 22. Let x = z + 5. Suppose 0 = -3*q + x + 2. What is the remainder when q is divided by 4?
3
Let m = -35426 - -35740. What is the remainder when m is divided by 225?
89
Let d be 0/((-5)/(-1) - (-48)/(-8)). Suppose -20 = -y + w + 38, d = -2*y - 3*w + 96. What is the remainder when y is divided by 4?
2
Suppose 2*v + 11 - 17 = 0. Suppose v = 2*z - 3. Suppose -4*g = -4*h - 160, 0*g - z*g = -h - 122. What is the remainder when g is divided by 21?
20
Calculate the remainder when (-5)/(175/(-10)) - (-25542)/126 is divided by -4*(-2)/(4/13).
21
Let q(k) = k**2 - 24*k + 37. Suppose -7*m + 46 = -5*m. Let t(h) = -h**3 + 6*h**2 + 8*h + 3. What is the remainder when q(m) is d